{"id":254,"date":"2011-03-27T22:38:39","date_gmt":"2011-03-27T22:38:39","guid":{"rendered":"http:\/\/fdl-berger.de\/cms?page_id=254"},"modified":"2020-03-05T18:59:37","modified_gmt":"2020-03-05T18:59:37","slug":"faq","status":"publish","type":"page","link":"https:\/\/fdl-berger.de\/cms\/?page_id=254","title":{"rendered":"Private Geldanlage"},"content":{"rendered":"<h1>Private Geldanlage<\/h1>\n<p>Vielleicht kommen Sie schon bald in die Situation \u2013 oder sind es bereits \u2013 dass Ihnen ein<br \/>\nbestimmter Geldbetrag, entweder monatlich oder einmalig, zur Verf\u00fcgung steht. Dann wollen<br \/>\nSie dieses Kapital sicher nicht ungenutzt liegen lassen, sondern es soll f\u00fcr Sie ertragreich<br \/>\narbeiten.<\/p>\n<p>Je nach individuellen Anlagezielen, Anlagehorizonten und pers\u00f6nlichem Risikoprofil, h\u00e4lt der<br \/>\nFinanzmarkt eine breite Palette unterschiedlichster Produkte, L\u00f6sungen und M\u00f6glichkeiten<br \/>\nbereit.<\/p>\n<p>Welches die f\u00fcr Sie geeignete Anlageform ist, k\u00f6nnen wir jedoch erst durch die individuelle<br \/>\nBetrachtung Ihrer pers\u00f6nlichen W\u00fcnsche und Ziele feststellen. Dementsprechend beraten<br \/>\nwir Sie als freie Finanzberater in Darmstadt immer ganzheitlich und nehmen keine L\u00f6sung<br \/>\nvon der Stange.<\/p>\n<p style=\"text-align: center;\"><img decoding=\"async\" loading=\"lazy\" src=\"https:\/\/fdl-berger.de\/cms\/wp-content\/uploads\/2013\/02\/iStock_000012080136_ExtraSmall.jpg\" alt=\"\" width=\"425\" height=\"282\"><\/p>\n<p>&nbsp;<\/p>\n<h3>Diese Fragen kl\u00e4ren wir in einem kostenfreien Erstgespr\u00e4ch mit Ihnen:<\/h3>\n<ul>\n<li>\u00dcber welchen Zeitraum wollen Sie Ihr Geld anlegen? (Anlagehorizont)<\/li>\n<li>Wie viel Rendite stellen Sie sich bei Ihrer Anlage vor? (Anlageziel)<\/li>\n<li>Welches Risiko sind Sie bereit einzugehen? (Risikoprofil)<\/li>\n<\/ul>\n<h3>Im Folgenden sehen Sie einen Auszug aus unseren Leistungen:<\/h3>\n<ul>\n<li>Lebensversicherungen gegen Einmalbeitrag<\/li>\n<li>Rentenversicherungen gegen Einmalbeitrag<\/li>\n<li>Kapitalanlagen<\/li>\n<li>Rentenfonds<\/li>\n<li>Aktienfonds<\/li>\n<li>Immobilienfonds<\/li>\n<li>Indexfonds (ETF\u00b4s)<\/li>\n<li>Monatliche Spar- und Aufbaupl\u00e4ne<\/li>\n<\/ul>\n<p>Gerne beraten wir Sie auch bei der Auswahl eines geeigneten Online-Depots.<\/p>\n<p>Schicken Sie uns eine E-Mail mit Ihren W\u00fcnschen oder rufen Sie uns an.<\/p>\n<div class=\"wp-block-button\"><a class=\"wp-block-button__link\" href=\"https:\/\/fdl-berger.de\/cms\/?page_id=57\">Jetzt Kontakt aufnehmen<\/a><\/div>\n<p>&nbsp;<\/p>\n","protected":false},"excerpt":{"rendered":"<p>Private Geldanlage Vielleicht kommen Sie schon bald in die Situation \u2013 oder sind es bereits \u2013 dass Ihnen ein bestimmter Geldbetrag, entweder monatlich oder einmalig, zur Verf\u00fcgung steht. Dann wollen Sie dieses Kapital sicher nicht ungenutzt liegen lassen, sondern es soll f\u00fcr Sie ertragreich arbeiten. Je nach individuellen Anlagezielen, Anlagehorizonten und pers\u00f6nlichem Risikoprofil, h\u00e4lt der [&hellip;]<\/p>\n","protected":false},"author":1,"featured_media":0,"parent":0,"menu_order":0,"comment_status":"closed","ping_status":"open","template":"","meta":{"ngg_post_thumbnail":0},"_links":{"self":[{"href":"https:\/\/fdl-berger.de\/cms\/index.php?rest_route=\/wp\/v2\/pages\/254"}],"collection":[{"href":"https:\/\/fdl-berger.de\/cms\/index.php?rest_route=\/wp\/v2\/pages"}],"about":[{"href":"https:\/\/fdl-berger.de\/cms\/index.php?rest_route=\/wp\/v2\/types\/page"}],"author":[{"embeddable":true,"href":"https:\/\/fdl-berger.de\/cms\/index.php?rest_route=\/wp\/v2\/users\/1"}],"replies":[{"embeddable":true,"href":"https:\/\/fdl-berger.de\/cms\/index.php?rest_route=%2Fwp%2Fv2%2Fcomments&post=254"}],"version-history":[{"count":19,"href":"https:\/\/fdl-berger.de\/cms\/index.php?rest_route=\/wp\/v2\/pages\/254\/revisions"}],"predecessor-version":[{"id":1594,"href":"https:\/\/fdl-berger.de\/cms\/index.php?rest_route=\/wp\/v2\/pages\/254\/revisions\/1594"}],"wp:attachment":[{"href":"https:\/\/fdl-berger.de\/cms\/index.php?rest_route=%2Fwp%2Fv2%2Fmedia&parent=254"}],"curies":[{"name":"wp","href":"https:\/\/api.w.org\/{rel}","templated":true}]}}